ime number?
True
Is (-40146)/1*-1*((-125)/(-15) - 8) prime?
False
Suppose 4*b - m = 3439003, -5*m = 33*b - 28*b - 4298760. Is b prime?
True
Suppose 3*b = 5*m + 1729943, 231*m - 576621 = -b + 236*m. Is b prime?
False
Suppose -102*k + 105*k = b + 142055, -4*k - 4*b + 189396 = 0. Is k a composite number?
False
Suppose 4*k = -18*f + 194402, 3*f - 48650 = -k + 4*f. Is k prime?
False
Suppose -10*k + 117*k - 48879259 = -36*k. Is k prime?
True
Suppose -3*j = -4*y + 11668, -2*y + 9248 - 3414 = j. Is y a composite number?
False
Let q be (-2)/((-14)/(-84) + 4/(-6)). Is (0 - (q + -1)) + 3 - -314 a prime number?
False
Let w = -56 + 68. Suppose 4*z - 68 = w. Suppose 18*n = z*n - 1334. Is n composite?
True
Suppose 0*l - 3*l = 3*d, -5*l + 5*d + 50 = 0. Suppose l*m + 4*p = 24, -1 = -m + 3*p - 0. Suppose 4*y - 768 = -2*c, 2*c - 390 = c + m*y. Is c prime?
False
Suppose 2*z + 4 = 0, -5*m + 4*z - 1162 = 250. Is ((-7)/4 + (34 - 35))*m composite?
True
Let v(g) = -2*g**2 + 3*g + 4. Let f be v(-2). Let j be ((-1)/2*-1)/(f/(-60)). Suppose 2*a = j*a - 223. Is a a composite number?
False
Let z be 140/16 - 4/(-16). Suppose -m = -z*m. Suppose 6*r = -m*r + 1146. Is r a composite number?
False
Let i be (-6)/(-9) + ((-90272)/12)/(-8). Suppose 0 = -3*c - 272 + i. Is c a composite number?
False
Let q be (-8)/4 + (-38 - 3 - -1). Let s be ((-9)/(27/q))/2. Is (-8453)/(-7) - 4/s composite?
True
Let p(g) = 14*g - 1. Let x be p(1). Suppose -3598 = -x*h + 10039. Is h composite?
False
Let n(o) = -5*o + 10. Let w be n(2). Suppose 0 = -r + 4*s + 5, -2*r + 0*r + 2*s + 16 = w. Suppose -2872 = -r*d + 863. Is d prime?
False
Let h = 46 - 47. Let q be (88/55)/(h/5). Is (-12 - q)*(-53)/4 a prime number?
True
Suppose 1 + 7 = 2*p, -o + 1982 = -5*p. Suppose -6*y = -7708 + o. Is y a prime number?
False
Suppose 0 = -136*k + 131*k + w + 76551, 2*k + 2*w - 30630 = 0. Is k a prime number?
False
Let i be 22 + -27 + 4030/1 - -4. Let n = i + 6868. Is n composite?
True
Suppose -3*a + 0*v - 3*v + 66 = 0, -a = -4*v - 2. Suppose a*l - 397418 = 4*l. Is l composite?
False
Let g(d) = 9*d + 38. Let b be g(-11). Let c = b + 64. Let l(x) = 104*x - 5. Is l(c) composite?
False
Suppose -5 = -d, y = 2*d - 76105 + 264922. Is y a composite number?
False
Let q be (-11)/(-3) - (-13)/39. Is -3 + 1166 + q + (-2 - 0) a prime number?
False
Let g(a) = a**2 + 2*a + 9. Let o(c) = c**2 - c. Let j(t) = -2*g(t) + 4*o(t). Let s be j(-13). Suppose -2*p - y = -s, 6*p - 4*y - 625 = 3*p. Is p composite?
False
Let u be 2/11 - 53*1/(-11). Suppose 4*z - 12165 = 5*t, -z + u*t = -1886 - 1159. Suppose 5*w - 3802 = -6*j + 3*j, -4*w + z = 4*j. Is w a composite number?
False
Suppose -24 = -2*o - 10. Suppose 0 = 4*r - o*r - r. Suppose -2*n + 22 = -r*n. Is n a composite number?
False
Let w be (3 - (-68)/(-20))*-5. Let l be 2 - (-6207)/6*w. Suppose -5*c = -l - 2034. Is c a prime number?
True
Suppose -3*w - 10 = 2*w, 0 = -2*g - w + 44. Suppose -2*c - 6 = 0, 5 = -3*f - 3*c + g. Is 3*222/f - (-3 - 0) composite?
True
Suppose -d + 7 = 0, -17*f + 18*f + 4*d - 211037 = 0. Is f prime?
False
Let g(d) = 37920*d - 343. Is g(3) composite?
False
Is 1/((1/(-113695))/(12/48*-4)) a prime number?
False
Suppose 4*n + 24 = 0, -61*t + 56*t - 3*n = -581317. Is t a prime number?
False
Let r = -83 - -124. Let i = r + 476. Is i a prime number?
False
Suppose -v + 2206 = c, 4*c - 5*v - 6642 = c. Suppose -2*u - r - 1087 = 4*r, 4*u + c = -3*r. Let b = u + 849. Is b a composite number?
False
Is 943974/(-243)*(-30)/4 prime?
False
Let u be (-116)/(-19) + 6/(-57). Suppose -u*v - 23 + 4205 = 0. Is v a prime number?
False
Let y(d) = d**3 - 4*d**2 + 2*d + 1601. Let r(h) = h**2. Let x(p) = -3*r(p) - y(p). Let s be x(0). Is s/2*(0 + (-2 - 0)) a composite number?
False
Suppose -5*d - 11*k + 7*k = -528321, -d = 5*k - 105681. Is d a prime number?
False
Let x be -2831 + 1 + 12/6. Let d = x + 7009. Is d a composite number?
True
Let s(a) = -14*a**2 - 30*a - 8. Let q be s(-13). Let y = q + 3239. Is y + (-7)/(7/(-4)) composite?
False
Suppose 5*z + 3*o - 343543 = 0, -22*o = z - 25*o - 68723. Is z a composite number?
False
Suppose 4*i = 8*i - 8. Suppose 165 + 345 = i*k. Suppose -4*g - k = -u, -3*u + 1019 = g + 228. Is u a prime number?
True
Let w = 135569 + -11436. Is w prime?
True
Let l = 120 + -40. Suppose 3*f - l = 823. Is f a prime number?
False
Let q be -3 - (-1)/(5/105). Let i = q - 15. Suppose 0 = -i*p - 10*p + 33657. Is p prime?
False
Let u(g) = 4 + 3*g**2 + 3*g**2 - 10*g - 2*g**2 - 3*g**2. Let d be u(10). Is d*((-6)/(-14) + (-13625)/(-140)) a prime number?
False
Let o = 3437 - 2324. Let p(q) = 15*q + 80. Let s be p(-4). Suppose 17*l - s*l = -o. Is l prime?
False
Let n(k) = -k**3 - 3*k**2 + 573*k + 10. Is n(-67) composite?
True
Suppose -106 = -25*p - 31. Suppose p*b = -5*n + 13459, 0*b = b + 5*n - 4503. Is b composite?
True
Let r(u) = -22*u**3 + 6*u**2 + 6*u - 7. Let z be (-18)/(-189) + 527/(-21). Let g be -6 + (z/5 - -6). Is r(g) prime?
False
Suppose 2*p - 5554 = -438. Let h = 3843 - p. Is h a prime number?
False
Let r = -22 - -179. Let j(x) = -42*x - 195. Let n be j(-5). Suppose -r = n*i - 16*i. Is i composite?
False
Suppose -96*v = -103*v + 627641. Is v a composite number?
True
Let m(o) = 632*o**2 - 2*o + 1. Let q be m(2). Let s = q - -4332. Is s a composite number?
False
Let z = 1099123 + -749952. Is z composite?
False
Let t(o) = -36*o**3 - 2*o**2 + 1. Suppose 2*u = u + 8. Let j(v) = -v**3 + 8*v**2 - v + 7. Let s be j(u). Is t(s) prime?
False
Is 87198/4*((-70)/(-75) + 2/5) prime?
False
Suppose -3*b + 130 = 5*q + 2*b, -5*q = -b - 100. Suppose -q*h + 2103 = -18*h. Is h composite?
False
Suppose 5*k - 240 = -5*v + 2*k, -2*v - 3*k + 87 = 0. Suppose -2*a - 4 = 0, 0 = b - a + 170 + v. Is 3/((-893)/b - 4) composite?
True
Let d(t) = 19172*t**2 + 10*t + 59. Is d(-5) prime?
True
Let i = -43610 - -75908. Suppose -13*r - i = -34*r. Is r prime?
False
Let i = 34524 + -9220. Suppose 3*y - 3*b = 5*y - i, 0 = 5*y + 3*b - 63269. Is y prime?
False
Let i be 9 + -1 - (1 - 5). Let p be (-165)/(-4) + i/16. Is ((-28)/5)/(p/(-105)) a prime number?
False
Suppose -5 + 3 = -y. Suppose -s + y*k + 2626 = 2*s, -3*k + 12 = 0. Suppose 16*q + s = 18*q. Is q a composite number?
False
Let k be 77*4/126 + 8/(-18). Suppose 2*r - 1150 = -k*u, -3*u - r + 6*r + 1757 = 0. Is u a composite number?
True
Let z(q) = 32*q**3 - 2*q**2 + 4*q - 2. Let i be 3*(1/6*-4 - -4). Suppose -8*p + 6 = -i. Is z(p) composite?
True
Is ((-111)/(-12))/(27/5076) prime?
False
Suppose 4*q - 25 + 5 = 0. Let t(c) = c**2 - 6*c + 8. Let y be t(q). Suppose -812 = -7*j + y*j. Is j a composite number?
True
Suppose 4*t - 17 = 2*t + 5*v, 0 = 2*t - 3*v - 11. Let d = 1 + t. Is d - (-3 - 4518/3) composite?
False
Is 134827 + (40 - 8)/4 - -4 composite?
False
Let j = -174 + 176. Is -118*(119/(-28))/(j/4) a composite number?
True
Let p(v) = -v**2 + 6*v - 12. Let f be p(5). Let z be f/35 + (-16)/(-5). Suppose 2*o - 4*u = 3266, -o + z*u = 4*o - 8165. Is o a composite number?
True
Let g = 22150 - 9081. Is g composite?
True
Suppose 312 = 24*h - 36*h. Is -3*5398/h - (-10)/65 composite?
True
Let x = 2534733 + -1474582. Is x a composite number?
False
Let j = 18240 - 6583. Is j composite?
False
Let w = 290663 - 71304. Is w composite?
True
Suppose -4*m + 468 = 4*f, -2*f - 4*m - 91 = -319. Suppose -11*x + f = -232. Suppose 26*a - x*a + 11358 = 0. Is a composite?
True
Let k = -3087 - -4591. Let r = k - 873. Is r prime?
True
Let b = -138 + 412. Suppose -3*g + 5*r + b = 0, -r + 244 = -2*g + 5*g. Suppose -g = f + c - 282, 199 = f + 4*c. Is f a composite number?
False
Let z be 4211/(-1) + (0 - -1). Let s(v) = -104*v**2 + 36*v + 251. Let o be s(-8). Let p = z - o. Is p prime?
False
Let o = -1255 + 1834. Let d = -42 + o. Is d a composite number?
True
Let y = 16090 + 20193. Is y a composite number?
True
Suppose 5306*l - 1001 = 5307*l - x, -l - 985 = -5*x. Suppose 0 = 3*p - 2*p - 1916. Let y = l + p. Is y prime?
True
Let z(s) = 9625*s**2 - 340*s + 1696. Is z(5) composite?
True
Suppose z - 21 = -3*t, -3*z + 70 = 2*t - 21. Suppose -19*g - 189938 = -z*g. Is g a composite number?
False
Let j(u) = 13*u - 104. Let z be j(8). Suppose z = -15*x + 12*x + 27123. Is x a composite number?
False
Suppose -121285 - 54707 = 8*n. Let y = n - -36962. Is y a composite number?
True
Let v = 48 + -44. 